- 198. What is u(34)?
6
Let l(t) = -t**3 + 12*t**2 - 18*t + 85. Give l(11).
8
Let y(d) = 7*d - 484. Give y(70).
6
Let s(b) = -4*b + 47. Calculate s(15).
-13
Let g(y) = -6*y**2 + 4*y + 3. Determine g(-5).
-167
Let q(n) = n**2 + 6*n + 15. Determine q(-6).
15
Let o(z) = 13*z + 1. Give o(-1).
-12
Let l(g) = 3*g - 4. Calculate l(-7).
-25
Let d(n) = n + 2. Give d(4).
6
Let s(j) = 2*j - 6. What is s(14)?
22
Let v(h) = h**2 - 12*h + 19. What is v(2)?
-1
Let q(j) = j**3 - 15*j**2 + 25*j + 17. What is q(13)?
4
Let x(h) = -26*h - 5. Determine x(3).
-83
Let u(p) = -6*p + 7. Give u(3).
-11
Let s(z) = -z**3 - 3*z**2 - 2*z - 5. Give s(-3).
1
Let o(n) = 3*n**2 + 10*n + 12. Determine o(-4).
20
Let i(x) = -x**2 + 23*x + 16. Calculate i(24).
-8
Let f(c) = -c**2 - 14*c - 31. Determine f(-8).
17
Let j(o) = o**3 + 9*o**2 - 3*o - 4. Calculate j(-3).
59
Let a(z) = z - 5. Determine a(13).
8
Let o(v) = v**3 + 5*v**2 + 7*v + 5. Calculate o(-4).
-7
Let c(t) = -t**2 + 15*t - 1. What is c(14)?
13
Let i(w) = 2*w**2 + 9*w + 5. Give i(-3).
-4
Let h(d) = -2*d**2 - 6*d. Determine h(-5).
-20
Let q(h) = 21*h - 108. Calculate q(5).
-3
Let g(b) = -9*b - 40. Calculate g(-5).
5
Let c(g) = 3*g + 10. What is c(-5)?
-5
Let y(h) = -18*h**3 - 5*h - 6. What is y(-1)?
17
Let t(i) = i**3 - 5*i**2 - 6*i + 9. Determine t(6).
9
Let q(l) = 4*l + 1. What is q(2)?
9
Let n(r) = -4*r + 48. Calculate n(13).
-4
Let m(p) = -p**3 + 7*p**2 + 13*p - 30. Determine m(9).
-75
Let r(d) = -d**3 - 12*d**2 - 2*d + 3. Give r(-12).
27
Let f(w) = -w**3 - 4*w**2 - 2*w - 2. Calculate f(-3).
-5
Let p(o) = 2*o**2 - 10*o + 3. Calculate p(7).
31
Let v(l) = -l**3 - 8*l**2 + 15*l + 17. Determine v(-9).
-37
Let p(r) = -2*r**2 + 2. Give p(-3).
-16
Let o(c) = 4*c**3 + 10*c**2 - 4*c + 1. Give o(-3).
-5
Let d(b) = 160*b - 1278. Determine d(8).
2
Let u(w) = -8*w + 33. Give u(7).
-23
Let d(x) = -x - 1. Determine d(-5).
4
Let c(j) = 6*j**2 - 205*j + 32. Determine c(34).
-2
Let y(g) = 4*g**3 + 58*g**2 + 29*g + 12. Give y(-14).
-2
Let r(n) = -18*n**2 + 2. What is r(-2)?
-70
Let g(i) = -i**2 - 5*i + 19. Give g(-9).
-17
Let k(u) = -u**2 - 9*u + 6. Give k(-7).
20
Let x(y) = y**3 - 7*y**2 + y + 6. Give x(4).
-38
Let l(p) = -15*p - 68. Calculate l(-4).
-8
Let v(p) = -4*p**3 - 31*p**2 + 7*p - 11. What is v(-8)?
-3
Let i(m) = -2*m**2 + 27*m + 55. Calculate i(-2).
-7
Let b(g) = -39*g + 1. Calculate b(-1).
40
Let p(n) = -n**2 + 13*n + 1. Calculate p(11).
23
Let q(t) = -119*t**2 - 4*t + 5. Calculate q(1).
-118
Let t(v) = v**2 + 5*v - 3. Calculate t(3).
21
Let p(d) = d**3 - 10*d**2 + 11*d - 1. Determine p(9).
17
Let u(f) = 5*f**3 - 4*f**2 - 3*f. Determine u(-2).
-50
Let y(h) = 5*h - 9. Determine y(-11).
-64
Let f(m) = 12*m - 52. Determine f(7).
32
Let j(g) = g**3 + 4*g**2 - 5*g. Give j(-4).
20
Let j(q) = 41*q**2 - 7*q + 5. Give j(1).
39
Let l(n) = -6*n**2 - 4*n + 3. Calculate l(3).
-63
Let m(r) = -r**2 + 20*r - 3. Determine m(18).
33
Let p(r) = -26*r + 59. Give p(4).
-45
Let l(f) = 5*f + 115. Calculate l(0).
115
Let x(k) = -13*k**2. Calculate x(1).
-13
Let u(o) = -36*o**2 - 182*o - 11. Calculate u(-5).
-1
Let s(a) = -a**2 + 2*a - 9. Calculate s(0).
-9
Let m(y) = -y + 10. Determine m(18).
-8
Let g(h) = -h**3 - 2*h**2 - 2*h - 1. Calculate g(-2).
3
Let u(k) = 3*k**2 + 28*k - 66. What is u(2)?
2
Let b(d) = 2*d**3 + 69*d**2 + 34*d + 4. Calculate b(-34).
4
Let d(p) = p**3 - 5*p**2 - 3*p + 6. What is d(6)?
24
Let f(j) = 2*j**2 - 6*j - 8. Determine f(4).
0
Let n(c) = c**3 - 3*c**2 + c - 5. Determine n(3).
-2
Let q(u) = -2*u**3 + 29*u**2 + 11*u + 13. Calculate q(15).
-47
Let k(c) = -c**2 - 6*c - 2. Determine k(-8).
-18
Let m(d) = d**3 + 18*d**2 + 3*d - 10. Give m(-18).
-64
Let h(z) = 2*z**2 - 3*z - 7. Give h(4).
13
Let r(n) = -15*n**2 - 3*n + 1. Calculate r(2).
-65
Let w(p) = -2*p**2 - 11*p - 12. Determine w(-5).
-7
Let m(f) = f**3 - 2*f**2 - 3*f. Determine m(3).
0
Let p(o) = -o**3 + 4*o**2 - 2*o + 7. What is p(4)?
-1
Let u(a) = -32*a**2 + a + 1. Give u(-1).
-32
Let d(h) = -h**3 + 4*h**2 - 2*h. Give d(4).
-8
Let y(j) = 15*j**3 + j + 1. Give y(-1).
-15
Let x(p) = -9*p**3 - 2*p**2 + 3*p - 3. Give x(2).
-77
Let q(z) = 2*z**3 + 2*z**2 + 4*z + 1. Determine q(-3).
-47
Let h(t) = -t**2 - 39*t + 180. Give h(-44).
-40
Let q(z) = -10*z - 158. Calculate q(-15).
-8
Let v(f) = -26*f + 4. Determine v(1).
-22
Let m(v) = -v**3 - 6*v**2 - 2*v + 7. Calculate m(-5).
-8
Let q(w) = w**2 - 14*w + 63. Determine q(7).
14
Let w(k) = k**3 + 16*k**2 - 18*k - 12. What is w(-17)?
5
Let o(j) = 4*j**3 + 5*j**2 - j - 4. Calculate o(-2).
-14
Let w(y) = y**2 + 30*y + 80. Calculate w(-27).
-1
Let l(m) = -17*m**2 + m - 1. Calculate l(-1).
-19
Let s(m) = m**2 + 9*m - 20. Give s(-15).
70
Let l(f) = f**2 - 12*f - 19. Give l(13).
-6
Let w(j) = 2*j**2 + 25*j + 7. Give w(-12).
-5
Let m(a) = -a**3 + 9*a**2 + 5*a + 12. What is m(10)?
-38
Let q(i) = -2*i**2 - 2*i - 37. Calculate q(0).
-37
Let z(w) = w**3 - 5*w**2 + 3*w - 6. What is z(4)?
-10
Let g(o) = 12*o + 83. Give g(8).
179
Let l(b) = b**2 - 43*b + 60. Calculate l(42).
18
Let h(x) = 2*x**2 + 3*x + 15. Give h(-5).
50
Let z(i) = -i**2 + 22*i - 26. Calculate z(21).
-5
Let t(k) = -k - 1. Determine t(0).
-1
Let k(m) = -m**3 - 6*m**2 + 7*m. What is k(-7)?
0
Let b(i) = 26*i + 85. Calculate b(-3).
7
Let f(u) = 2*u**3 - 45*u**2 + 26*u - 88. Calculate f(22).
0
Let r(x) = x**2 - 11*x + 6. Calculate r(9).
-12
Let t(x) = 15*x**2 - x. Calculate t(1).
14
Let l(n) = n**2 - 21*n + 25. Determine l(13).
-79
Let k(x) = -3*x + 14. Calculate k(-11).
47
Let s(b) = -b**2 - 12*b - 42. Give s(-6).
-6
Let p(i) = 6*i + 4. Give p(5).
34
Let t(g) = g - 18. Determine t(-7).
-25
Let b(s) = -s**3 - 4*s**2 + 14*s + 2. Give b(-6).
-10
Let b(o) = -o**2 + 10*o + 148. Calculate b(-8).
4
Let u(c) = c**3 + 53*c**2 + 52*c - 9. What is u(-52)?
-9
Let x(y) = -y + 9. Calculate x(-8).
17
Let g(p) = p**3 - 9*p**2 + 10*p + 13. Determine g(8).
29
Let y(g) = g**3 - 21*g**2 + 40*g + 23. Calculate y(19).
61
Let f(z) = -2*z**2 + 5*z - 2. Determine f(6).
-44
Let b(m) = -6*m + 24. Calculate b(5).
-6
Let h(a) = -11*a + 9. Calculate h(2).
-13
Let p(g) = g**2 + 9*g - 10. Give p(1).
0
Let c(u) = u + 19. Give c(-12).
7
Let a(t) = t**3 - 4*t**2 - 21*t + 9. Calculate a(7).
9
Let c(z) = -z**2 + z + 7. Calculate c(-5).
-23
Let t(b) = -3*b**3 - 2*b**2 + b + 1. Give t(-2).
15
Let t(s) = -4*s**2 - 3*s + 11. Calculate t(-3).
-16
Let x(p) = -p**2 + 8*p - 6. Calculate x(6).
6
Let q(z) = -34*z - 26. Give q(-7).
212
Let m(i) = 2*i**2 + 11*i + 13. What is m(-8)?
53
Let x(k) = -k**3 - 13*k**2 - 4. Determine x(-13).
-4
Let i(y) = y**3 - 3*y**2 - 11*y + 22. Give i(4).
-6
Let i(b) = -19*b + 19. Calculate i(1).
0
Let v(b) = -b**3 - 18*b**2 + b - 36. Calculate v(-18).
-54
Let k(s) = 4*s**3 + 4*s**2 - 7*s - 10. Determine k(-2).
-12
Let v(y) = y**2 - 4*y - 2. Give v(5).
3
Let j(p) = 15*p + 35. Give j(-2).
5
Let g(t) = t. Determine g(4).
4
Let h(v) = v**3 - 2*v**2 - 4*v - 7. Calculate h(5).
48
Let r(k) = -k**2 - 3*k + 4. Give r(-3).
4
Let z(t) = t**3 - 5*t**2 - 2*t - 10. Determine z(6).
14
Let n(h) = -3*h - 1. Determine n(3).
-10
Let m(b) = -b**2 + 3*b + 14. What is m(6)?
-4
Let m(x) = -3*x - 2. Give m(-5).
13
Let f(h) = 3*h**2 + 11*h - 158. Determine f(6).
16
Let s(r) = 3*r**3 - 15*r**2 + 5*r + 1. What is s(5)?
26
Let w(l) = -14*l - 7. Calculate w(4).
-63
Let q(u) = u**3 + 7*u**2 - 3*u - 5. What is q(-7)?
16
Let n(v) = -2*v**2 + 17*v - 25. Calculate n(6).
5
Let q(t) = -t**3 - 8*t**2 + 13*t + 15. What is q(-9)?
-21
Let r(n) = n**3 - 12*n**2 - 11*n + 3. Calculate r(13).
29
Let d(w) = -w**3 - 6*w**2 - 4*w + 12. Give d(-4).
-4
Let x(q) = 9*q + 109. What is x(-11)?
10
Let b(s) = -s**3 + 25*s**2 - 49*s + 68. Give b(23).
-1
Let d(n) = 2*n. Calculate d(-8).
-16
Let s(j) = -3*j - 29. Determine s(-12).
7
Let v(d) = -d**3 + 3*d**2 - 3. Determine v(5).
-53
Let h(g) = g - 10. Calculate h(9).
-1
Let t(h) = h**3 + 8*h**2 + 5*h - 8. Give t(-7).
6
Let w(h) = -h**2 + 5*h - 4. What is w(5)?
-4
Let p(c) = -c**2 - 5*c + 15. What is p(7)?
-69
Let h(c) = c**3 + 5*c**2 - c - 9. Determine h(-5).
-4
Let j(s) = -3*s**2 - 4*s. Give j(-3).
-15
Let s(o) = -2*o**3 + 11*o**2 + 140*o + 7. Calculate s(-6).
-5
Let z(a) = a**2 - 3*a + 7. Give z(7).
35
Let c(s) = 3*s**2 + 9*s - 14. What is c(-6)?
40
Let i(r) = -4*r + 2. What is i(0)?
2
Let h(q) = -q**3